 digit of 880509?
8
What is the thousands digit of 73723?
3
What is the units digit of 921860?
0
What is the ten millions digit of 15852359?
1
What is the millions digit of 5027993?
5
What is the hundred thousands digit of 853369?
8
What is the ten thousands digit of 7748012?
4
What is the units digit of 112730?
0
What is the tens digit of 110061?
6
What is the ten thousands digit of 128326?
2
What is the tens digit of 6872029?
2
What is the hundreds digit of 18441644?
6
What is the ten millions digit of 21818192?
2
What is the ten thousands digit of 56259?
5
What is the ten thousands digit of 487721?
8
What is the thousands digit of 1195671?
5
What is the tens digit of 7856808?
0
What is the ten thousands digit of 207062?
0
What is the tens digit of 1718726?
2
What is the hundred thousands digit of 18620533?
6
What is the thousands digit of 3504292?
4
What is the tens digit of 857211?
1
What is the thousands digit of 2936903?
6
What is the thousands digit of 206476?
6
What is the tens digit of 1396833?
3
What is the units digit of 9935475?
5
What is the ten thousands digit of 6930396?
3
What is the thousands digit of 2131607?
1
What is the millions digit of 40502707?
0
What is the ten thousands digit of 2368456?
6
What is the tens digit of 24808?
0
What is the hundred thousands digit of 147578?
1
What is the ten thousands digit of 8779566?
7
What is the units digit of 338612?
2
What is the units digit of 6057569?
9
What is the millions digit of 5678063?
5
What is the units digit of 839136?
6
What is the ten millions digit of 16361037?
1
What is the hundreds digit of 26683677?
6
What is the ten thousands digit of 906762?
0
What is the tens digit of 98888?
8
What is the hundred thousands digit of 403297?
4
What is the hundred thousands digit of 345047?
3
What is the hundreds digit of 2837219?
2
What is the hundreds digit of 15776074?
0
What is the units digit of 92162?
2
What is the units digit of 114952?
2
What is the hundred thousands digit of 1083062?
0
What is the units digit of 383581?
1
What is the units digit of 3490273?
3
What is the hundred thousands digit of 607887?
6
What is the thousands digit of 6803981?
3
What is the ten thousands digit of 5642014?
4
What is the hundred thousands digit of 711236?
7
What is the thousands digit of 238287?
8
What is the tens digit of 289583?
8
What is the tens digit of 450942?
4
What is the hundreds digit of 3434397?
3
What is the ten millions digit of 37124014?
3
What is the tens digit of 6345418?
1
What is the ten thousands digit of 5177694?
7
What is the tens digit of 21802318?
1
What is the ten thousands digit of 415797?
1
What is the hundreds digit of 1216799?
7
What is the millions digit of 18232191?
8
What is the units digit of 2258451?
1
What is the ten thousands digit of 255355?
5
What is the hundred thousands digit of 5234459?
2
What is the thousands digit of 5588728?
8
What is the units digit of 2702126?
6
What is the hundreds digit of 250731?
7
What is the units digit of 7446764?
4
What is the units digit of 202873?
3
What is the units digit of 2112089?
9
What is the tens digit of 170002?
0
What is the hundred thousands digit of 117889?
1
What is the units digit of 4960701?
1
What is the units digit of 7889244?
4
What is the tens digit of 6243496?
9
What is the hundred thousands digit of 33474739?
4
What is the hundred thousands digit of 3731964?
7
What is the units digit of 2142644?
4
What is the units digit of 7411169?
9
What is the tens digit of 1104279?
7
What is the ten thousands digit of 944101?
4
What is the hundreds digit of 27984094?
0
What is the ten millions digit of 10458789?
1
What is the hundreds digit of 4012562?
5
What is the units digit of 5525864?
4
What is the thousands digit of 929483?
9
What is the hundred thousands digit of 6977321?
9
What is the thousands digit of 7373406?
3
What is the ten thousands digit of 334019?
3
What is the thousands digit of 745284?
5
What is the tens digit of 450452?
5
What is the thousands digit of 101056?
1
What is the hundreds digit of 25202361?
3
What is the ten thousands digit of 384858?
8
What is the units digit of 66063?
3
What is the tens digit of 1158288?
8
What is the hundreds digit of 3544180?
1
What is the ten thousands digit of 1256220?
5
What is the tens digit of 1565284?
8
What is the millions digit of 2709200?
2
What is the ten thousands digit of 180451?
8
What is the units digit of 317165?
5
What is the millions digit of 11856091?
1
What is the thousands digit of 196510?
6
What is the hundreds digit of 1961650?
6
What is the hundreds digit of 24270609?
6
What is the hundred thousands digit of 5383760?
3
What is the millions digit of 13885209?
3
What is the units digit of 250654?
4
What is the tens digit of 220343?
4
What is the thousands digit of 257173?
7
What is the tens digit of 570457?
5
What is the hundred thousands digit of 978975?
9
What is the units digit of 7654908?
8
What is the thousands digit of 886709?
6
What is the thousands digit of 101328?
1
What is the ten thousands digit of 13313347?
1
What is the units digit of 3757794?
4
What is the tens digit of 7933420?
2
What is the hundreds digit of 342359?
3
What is the hundreds digit of 14030299?
2
What is the thousands digit of 3977892?
7
What is the ten thousands digit of 1759276?
5
What is the hundreds digit of 1953994?
9
What is the hundred thousands digit of 559315?
5
What is the thousands digit of 1095570?
5
What is the hundred thousands digit of 3157776?
1
What is the tens digit of 14796873?
7
What is the hundred thousands digit of 4064795?
0
What is the thousands digit of 256425?
6
What is the millions digit of 8388626?
8
What is the hundreds digit of 50117?
1
What is the tens digit of 244910?
1
What is the thousands digit of 569589?
9
What is the hundreds digit of 173704?
7
What is the thousands digit of 8702118?
2
What is the millions digit of 2376163?
2
What is the hundreds digit of 3547812?
8
What is the units digit of 250874?
4
What is the hundreds digit of 99282?
2
What is the millions digit of 22718988?
2
What is the thousands digit of 8197314?
7
What is the hundred thousands digit of 3273408?
2
What is the ten thousands digit of 159477?
5
What is the thousands digit of 496266?
6
What is the ten thousands digit of 534461?
3
What is the units digit of 16324?
4
What is the units digit of 3095065?
5
What is the tens digit of 965489?
8
What is the ten thousands digit of 409827?
0
What is the tens digit of 381691?
9
What is the thousands digit of 190584?
0
What is the hundreds digit of 5293505?
5
What is the hundred thousands digit of 17170778?
1
What is the thousands digit of 1403450?
3
What is the units digit of 2174722?
2
What is the thousands digit of 106861?
6
What is the units digit of 4212?
2
What is the hundreds digit of 30980016?
0
What is the hundreds digit of 446685?
6
What is the thousands digit of 8060104?
0
What is the units digit of 10538740?
0
What is the tens digit of 69762?
6
What is the millions digit of 21681138?
1
What is the tens digit of 178007?
0
What is the units digit of 7102691?
1
What is the hundreds digit of 35937?
9
What is the units digit of 1697656?
6
What is the tens digit of 17649075?
7
What is the units digit of 4096548?
8
What is the hundreds digit of 588609?
6
What is the thousands digit of 1110?
1
What is the units digit of 52000?
0
What is the tens digit of 20033?
3
What is the units digit of 1799728?
8
What is the tens digit of 3177375?
7
What is the hundreds digit of 857122?
1
What is the hundreds digit of 559403?
4
What is the tens digit of 4853334?
3
What is the tens digit of 1252670?
7
What is the hundreds digit of 7647730?
7
What is the ten thousands digit of 13844433?
4
What is the millions digit of 11762004?
1
What is the thousands digit of 41709?
1
What is the hundred thousands digit of 538130?
5
What is the thousands digit of 16185917?
5
What is the units digit of 7631583?
3
What is the thousands digit of 262549?
2
What is the hundreds digit of 164763?
7
What is the hundreds digit of 245684?
6
What is the thousands digit of 2042154?
2
What is the hundred thousands digit of 3483246?
4
What is the hundreds digit of 18625?
6
What is the units digit of 292151?
1
What is the hundred thousands digit of 81285